{"id":24,"date":"2015-10-03T14:57:43","date_gmt":"2015-10-03T14:57:43","guid":{"rendered":"http:\/\/math.utu.fi\/mathdays16\/?page_id=24"},"modified":"2015-12-09T12:13:19","modified_gmt":"2015-12-09T12:13:19","slug":"dinner","status":"publish","type":"page","link":"https:\/\/math.utu.fi\/mathdays16\/dinner\/","title":{"rendered":"Dinner"},"content":{"rendered":"<section>\n<p>The Mathdays 2016 dinner is held on Thursday 7.1.2016. The three-course-dinner is held at restaurant Suomalainen pohja starting from 19:00. You can register to the dinner during the registration process (see <a>Registration<\/a>).<\/p>\n<p>The restaurant is located almost in the city center, next to Kauppatori, at Aurakatu 24 A, 20100 Turku.<\/p>\n<h2>Menu<\/h2>\n<p><strong>Starter:<\/strong><br \/>\nVegetable soup seasoned with smoked salmon (savulohella maustettua kasviskeittoa).<\/p>\n<p><strong>Main course:<\/strong><br \/>\nPorcino-risotto, lentils and vegetables (herkkutattirisottoa, linssej\u00e4 ja vihanneksia),<br \/>\n<strong>OR<\/strong><br \/>\nEuropean whitefish stuffed with vegetables, vegetables and dill potatoes (vihanneksilla t\u00e4ytetty\u00e4 karisiikaa, vihanneksia ja tilliperunoita),<br \/>\n<strong>OR<\/strong><br \/>\nVeal fillet stuffed with reindeer, Port wine sauce, vegetables and Anna&#8217;s potatoes (porolla t\u00e4ytetty\u00e4 vasikanfileet\u00e4, portviinikastiketta, vihanneksia ja annanperunoita),<\/p>\n<p><strong>Dessert<\/strong><br \/>\nVanilla pannacotta with juiced berries (vaniljapannakotta mehustettujen marjojen kanssa).<\/p>\n<\/section>\n","protected":false},"excerpt":{"rendered":"<p>The Mathdays 2016 dinner is held on Thursday 7.1.2016. The three-course-dinner is held at restaurant Suomalainen pohja starting from 19:00. You can register to the dinner during the registration process (see Registration). The restaurant is located almost in the city center, next to Kauppatori, at Aurakatu 24 A, 20100 Turku. Menu Starter: Vegetable soup seasoned [&hellip;]<\/p>\n","protected":false},"author":13,"featured_media":0,"parent":0,"menu_order":0,"comment_status":"closed","ping_status":"closed","template":"","meta":{"footnotes":""},"class_list":["post-24","page","type-page","status-publish","hentry"],"_links":{"self":[{"href":"https:\/\/math.utu.fi\/mathdays16\/wp-json\/wp\/v2\/pages\/24","targetHints":{"allow":["GET"]}}],"collection":[{"href":"https:\/\/math.utu.fi\/mathdays16\/wp-json\/wp\/v2\/pages"}],"about":[{"href":"https:\/\/math.utu.fi\/mathdays16\/wp-json\/wp\/v2\/types\/page"}],"author":[{"embeddable":true,"href":"https:\/\/math.utu.fi\/mathdays16\/wp-json\/wp\/v2\/users\/13"}],"replies":[{"embeddable":true,"href":"https:\/\/math.utu.fi\/mathdays16\/wp-json\/wp\/v2\/comments?post=24"}],"version-history":[{"count":5,"href":"https:\/\/math.utu.fi\/mathdays16\/wp-json\/wp\/v2\/pages\/24\/revisions"}],"predecessor-version":[{"id":451,"href":"https:\/\/math.utu.fi\/mathdays16\/wp-json\/wp\/v2\/pages\/24\/revisions\/451"}],"wp:attachment":[{"href":"https:\/\/math.utu.fi\/mathdays16\/wp-json\/wp\/v2\/media?parent=24"}],"curies":[{"name":"wp","href":"https:\/\/api.w.org\/{rel}","templated":true}]}}